17243323 a prime number?
False
Is 29334586 a composite number?
True
Is 66288553 a prime number?
False
Is 1157897 composite?
True
Is 868018 composite?
True
Is 14199917 a composite number?
False
Is 9562207 prime?
False
Is 7865881 a composite number?
False
Is 3282373 a composite number?
True
Is 35236879 composite?
False
Is 5288693 a prime number?
False
Is 17465255 prime?
False
Is 74315495 composite?
True
Is 4560527 composite?
False
Is 7321661 a composite number?
False
Is 891673 prime?
False
Is 2484089 prime?
True
Is 4931371 composite?
True
Is 27531271 a composite number?
True
Is 303749 a composite number?
False
Is 31487251 a composite number?
False
Is 5448965 a composite number?
True
Is 327219643 a prime number?
False
Is 680214265 a prime number?
False
Is 116549 composite?
False
Is 298627463 a composite number?
False
Is 725313 prime?
False
Is 403590383 a composite number?
True
Is 423179111 a prime number?
True
Is 21405399 a prime number?
False
Is 107780203 a composite number?
False
Is 26408377 a composite number?
False
Is 632414773 prime?
False
Is 1927091 prime?
False
Is 494271303 a prime number?
False
Is 8936749 a prime number?
True
Is 5581337 a prime number?
True
Is 1123917 a composite number?
True
Is 648841 a composite number?
False
Is 884680961 a composite number?
False
Is 183999029 composite?
False
Is 285007 a composite number?
False
Is 34433513 a composite number?
True
Is 24082801 composite?
False
Is 10492561 composite?
False
Is 6237587 a prime number?
False
Is 52472902 prime?
False
Is 50188477 composite?
False
Is 1976579 a composite number?
True
Is 11838965 a prime number?
False
Is 19782281 prime?
True
Is 1345258 a prime number?
False
Is 1226509 composite?
True
Is 272717449 prime?
False
Is 269308106 prime?
False
Is 123251203 prime?
True
Is 141470531 prime?
False
Is 43004243 a prime number?
True
Is 738487 composite?
False
Is 2639167 prime?
False
Is 6380123 a composite number?
True
Is 73291937 prime?
False
Is 1830853 composite?
True
Is 642293 a composite number?
True
Is 29233551 composite?
True
Is 542308711 prime?
False
Is 1126847 prime?
True
Is 5781847 composite?
False
Is 20999549 prime?
False
Is 2041331 a prime number?
False
Is 16228061 composite?
True
Is 12941177 a prime number?
True
Is 56801 prime?
False
Is 19118171 composite?
False
Is 6068669 a prime number?
True
Is 3275099 composite?
True
Is 754181 prime?
True
Is 762416423 composite?
False
Is 949726357 a composite number?
False
Is 4121669 composite?
True
Is 40812803 a prime number?
True
Is 7026443 composite?
False
Is 1111829 composite?
True
Is 54596147 prime?
True
Is 51514763 a prime number?
True
Is 14973743 composite?
True
Is 969581 a composite number?
True
Is 19355303 prime?
False
Is 3565949 composite?
True
Is 5579603 prime?
False
Is 5647801 a composite number?
False
Is 682933 a prime number?
True
Is 2731819 prime?
True
Is 60529813 composite?
True
Is 162149191 composite?
True
Is 6559019 composite?
False
Is 43441745 a prime number?
False
Is 1185527 prime?
False
Is 4054289 prime?
False
Is 7795807 a prime number?
True
Is 3201103 a composite number?
False
Is 4587997 a prime number?
True
Is 20912761 a prime number?
False
Is 140163767 a composite number?
False
Is 85060933 prime?
True
Is 19921607 a prime number?
True
Is 16405534 a composite number?
True
Is 17385491 prime?
True
Is 222011869 prime?
True
Is 14752589 prime?
False
Is 630127 a composite number?
False
Is 147186145 composite?
True
Is 506249 composite?
True
Is 1397873 composite?
False
Is 2529491 prime?
True
Is 3897101 a prime number?
False
Is 1302569 a composite number?
True
Is 42020437 composite?
False
Is 91620901 a composite number?
False
Is 23501447 prime?
False
Is 83301209 a composite number?
True
Is 1978933 a prime number?
False
Is 21143747 a composite number?
False
Is 17452529 a composite number?
True
Is 92617523 a composite number?
False
Is 208226959 a prime number?
True
Is 24902929 prime?
True
Is 35736353 a composite number?
False
Is 233407 a composite number?
False
Is 127818911 a composite number?
True
Is 9150041 prime?
True
Is 623191 a composite number?
True
Is 7504517 a composite number?
True
Is 2129857 prime?
False
Is 5841169 composite?
False
Is 136711777 a prime number?
True
Is 1626881 a prime number?
True
Is 86813 composite?
False
Is 200330281 a composite number?
True
Is 70844417 composite?
True
Is 963601 a prime number?
True
Is 4696897 a composite number?
False
Is 90390379 a composite number?
True
Is 42807355 a composite number?
True
Is 17265561 a composite number?
True
Is 49243699 a composite number?
True
Is 187088107 prime?
True
Is 53739691 composite?
False
Is 12679547 prime?
False
Is 11332613 composite?
False
Is 34307879 a composite number?
False
Is 102362999 composite?
False
Is 114584303 prime?
True
Is 194459 a composite number?
True
Is 1998119 prime?
True
Is 5649286 prime?
False
Is 2743607 composite?
True
Is 463109 a prime number?
False
Is 13765093 a prime number?
True
Is 147461401 a composite number?
True
Is 59394067 a composite number?
False
Is 7896319 composite?
True
Is 231918229 a prime number?
False
Is 480213031 prime?
False
Is 35664941 composite?
True
Is 10422791 a composite number?
False
Is 511051 a prime number?
False
Is 16960903 prime?
True
Is 681740291 prime?
True
Is 122944121 composite?
False
Is 138920909 prime?
False
Is 8935639 a prime number?
False
Is 173409253 a prime number?
True
Is 15604691 a composite number?
True
Is 12235397 a prime number?
True
Is 49498367 prime?
False
Is 6998755 a prime number?
False
Is 38587477 a composite number?
True
Is 21796883 a prime number?
False
Is 75379097 prime?
True
Is 224736385 a composite number?
True
Is 4305391 a prime number?
False
Is 52073677 a composite number?
True
Is 636117 composite?
True
Is 248057743 a composite number?
False
Is 56963147 composite?
True
Is 13613147 a prime number?
False
Is 31994483 a prime number?
True
Is 22983911 a prime number?
False
Is 1464514 prime?
False
Is 32394053 composite?
False
Is 35902457 composite?
True
Is 16467041 a prime number?
False
Is 60761661 a composite number?
True
Is 8182322 a composite number?
True
Is 126946969 composite?
True
Is 23154797 a composite number?
True
Is 3277181 a prime number?
True
Is 14707601 a composite number?
True
Is 2569701 a composite number?
True
Is 18622529 prime?
True
Is 16464017 a composite number?
True
Is 41574766 a composite number?
True
Is 28521863 composite?
True
Is 4289351 a composite number?
True
Is 13000583 a prime number?
True
Is 8578301 a composite number?
True
Is 42668597 prime?
False
Is 49469447 a prime number?
False
Is 59862391 a prime number?
True
Is 2050483 a composite number?
True
Is 107211529 a prime number?
True
Is 12572507 a composite number?
True
Is 34054549 a composite number?
False
Is 317026741 a composite number?
False
Is 1254637 composite?
False
Is 3576497 a composite number?
True
Is 157764737 a prime number?
False
Is 16282517 a prime number?
False
Is 1438343 a composite number?
True
Is 144928081 a composite number?
True
Is 549197 a prime number?
False
Is 25873073 a prime number?
False
Is 14608879 prime?
False
Is 107313223 prime?
True
Is 436781 prime?
False
Is 2491289 composite?
False
Is 53264282 a composite number?
True
Is 1681483 prime?
False
Is 140046757 a composite number?
True
Is 354107 a composite number?
True
Is 279773617 composite?
False
Is 11782561 composite?
True
Is 2330663 prime?
True
Is 2124127 a prime number?
True
Is 4123939 a composite number?
True
Is 1538293 composite?
False
Is 297364547 a composite number?
False
Is 58253263 prime?
True
Is 758401 a composite number?
True
Is 5876579 prime?
True
Is 95755043 a prime number?
True
Is 4525149 prime?
False
Is 232921015 a prime number?
False
Is 1060309 prime?
False
Is 61831919 a composite number?
False
Is 685787 composite?
True
Is 2424511 composite?
False
Is 845333 composite?
False
Is 34459091 composite?
False
Is 13607731 a composite number?
False
Is 272379647 a prime number?
False
Is 109369373 a prime number?
False
Is 393442339 prime?
False
Is 19095421 composite?
False
Is 16117151 composite?
False
Is 1854862 a prime number?
False
Is 187053529 a prime number?
False
Is 66522617 a prime number?
False
Is 1840291 composite?
True
Is 182161109 a composite number?
True
Is 426787679 a composite number?
False
Is 8226389